{"id":11,"date":"2025-03-30T06:40:39","date_gmt":"2025-03-30T04:40:39","guid":{"rendered":"https:\/\/estudiocarmen.com\/?page_id=11"},"modified":"2025-06-10T20:54:17","modified_gmt":"2025-06-10T18:54:17","slug":"estudio-carmen","status":"publish","type":"page","link":"https:\/\/estudiocarmen.com\/","title":{"rendered":"Inicio"},"content":{"rendered":"\n<div class=\"wp-block-uagb-container uagb-block-205a3b21 alignfull uagb-is-root-container\"><div class=\"uagb-container-inner-blocks-wrap\">\n<p><\/p>\n\n\n\n<p><\/p>\n\n\n\n<p><\/p>\n\n\n\n<div class=\"wp-block-uagb-container uagb-block-7f8f648a\"><h1 style=\"border-style:none;border-width:0px; margin-right:0;margin-left:0;margin-top:var(--wp--preset--spacing--30);margin-bottom:var(--wp--preset--spacing--30);\" class=\"wp-block-site-title has-text-color has-ast-global-color-4-color has-x-large-font-size\"><a href=\"https:\/\/estudiocarmen.com\" target=\"_self\" rel=\"home\">ESTUDIO CARMEN<\/a><\/h1><\/div>\n<\/div><\/div>\n\n\n\n<div class=\"wp-block-uagb-container uagb-block-5866ac32 alignfull uagb-is-root-container\"><div class=\"uagb-container-inner-blocks-wrap\">\n<div class=\"wp-block-uagb-container uagb-block-05cc36ef\">\n<div class=\"wp-block-buttons is-layout-flex wp-block-buttons-is-layout-flex\">\n<div class=\"wp-block-button\"><a class=\"wp-block-button__link wp-element-button\">Inicio<\/a><\/div>\n<\/div>\n<\/div>\n\n\n\n<div class=\"wp-block-uagb-container uagb-block-a4ba216b\">\n<div class=\"wp-block-buttons is-layout-flex wp-block-buttons-is-layout-flex\">\n<div class=\"wp-block-button\"><a class=\"wp-block-button__link wp-element-button\" href=\"https:\/\/estudiocarmen.com\/index.php\/instalacion-de-la-app\/\">Instalaci\u00f3n de App EstudioCARMEN<\/a><\/div>\n<\/div>\n<\/div>\n\n\n\n<div class=\"wp-block-uagb-container uagb-block-7558f3d2\">\n<div class=\"wp-block-buttons is-layout-flex wp-block-buttons-is-layout-flex\">\n<div class=\"wp-block-button\"><a class=\"wp-block-button__link wp-element-button\">Qui\u00e9nes somos<\/a><\/div>\n<\/div>\n<\/div>\n<\/div><\/div>\n\n\n\n<hr class=\"wp-block-separator has-text-color has-ast-global-color-7-color has-alpha-channel-opacity has-ast-global-color-7-background-color has-background is-style-wide\"\/>\n\n\n\n<div class=\"wp-block-uagb-container uagb-block-40b81044 alignfull uagb-is-root-container\"><div class=\"uagb-container-inner-blocks-wrap\">\n<div class=\"wp-block-uagb-container uagb-block-a629a717\">\n<p><strong>E<\/strong>ficacia de un <strong>C<\/strong>omplemento a base de plantas medicinales en el <strong>A<\/strong>livio de la dismeno<strong>R<\/strong>rea y s\u00edntomas del s\u00edndrome pre<strong>MEN<\/strong>strual: ensayo cl\u00ednico multic\u00e9ntrico, aleatorizado, controlado con placebo, a doble ciego.<\/p>\n\n\n\n<p>Estudio CARMEN<\/p>\n<\/div>\n\n\n\n<div class=\"wp-block-uagb-container uagb-block-ecb7b7a6\">\n<h2 class=\"wp-block-heading\">Introducci\u00f3n<\/h2>\n\n\n\n<p>1.1. S\u00cdNDROME PREMENSTRUAL<br><br><strong><em>Definici\u00f3n y prevalencia<\/em><\/strong><\/p>\n\n\n\n<p>El s\u00edndrome premenstrual (SPM) es una afecci\u00f3n asociada al cambio de los niveles hormonales durante la fase menstrual en las mujeres y se caracteriza por una combinaci\u00f3n de s\u00edntomas f\u00edsicos como retenci\u00f3n de l\u00edquidos, sensibilidad mamaria, dolor de cabeza, sensaci\u00f3n de hinchaz\u00f3n y aumento de peso, y de s\u00edntomas emocionales y de comportamiento, que incluyen irritabilidad, agresividad, tensi\u00f3n, ansiedad y depresi\u00f3n, que repercuten negativamente en la calidad de vida de las mujeres (1, 2).<br>La prevalencia del SPM var\u00eda enormemente seg\u00fan la zona geogr\u00e1fica oscilando entre el 30% en Estados Unidos o el 12% en Francia (3, 4). El SPM afecta por igual a las mujeres independientemente de su estatus socioecon\u00f3mico, raza o cultura (5).<\/p>\n\n\n\n<p><strong>Diagn\u00f3stico<\/strong><br>Respecto al diagn\u00f3stico no existen biomarcadores espec\u00edficos que conlleven a permitan establecer realizar un diagn\u00f3stico objetivo del SPM, por lo que se establece; el diagn\u00f3stico se realiza a trav\u00e9s de la evaluaci\u00f3n subjetiva de los s\u00edntomas que refieren las pacientes (6). En este sentido, las gu\u00edas del Colegio Americano de Obstetras y Ginec\u00f3logos sustentan el diagn\u00f3stico de SPM mediante la presencia de cualquier s\u00edntoma f\u00edsico o de comportamiento durante los cinco d\u00edas previos a la menstruaci\u00f3n y que sucedan en los tres ciclos menstruales anteriores (3, 7).<\/p>\n\n\n\n<p><br>Se han desarrollado m\u00faltiples instrumentos para el diagn\u00f3stico y la valoraci\u00f3n del SPM. Entre ellos se encuentra el Registro Diario de la Gravedad de los Problemas (DRSP, por sus siglas en ingl\u00e9s). Se trata de un diario prospectivo de s\u00edntomas que se utiliza frecuentemente en ensayos cl\u00ednicos (8), aunque el realizar un diario actualizado d\u00eda a d\u00eda es tedioso para las pacientes y no es utilizado mucho en la pr\u00e1ctica cl\u00ednica (9). Entre las herramientas m\u00e1s utilizadas para el diagn\u00f3stico y evaluaci\u00f3n de la severidad de los s\u00edntomas se encuentra la Premenstrual Symptoms Screening Tool (PSST) (10). El PSST incluye una lista de s\u00edntomas premenstruales, su gravedad, as\u00ed como una medida de deterioro de los mismos que puede ser de utilidad a la hora de detectar mujeres sintom\u00e1ticas y buscar tratamiento (10).<\/p>\n\n\n\n<p><br>El PSST consta de 19 \u00edtems autoadministrados. Los primeros 14 \u00edtems incluyen s\u00edntomas f\u00edsicos y psicol\u00f3gicos, y los 5 \u00faltimos contiene \u00edtems que eval\u00faan los efectos de los s\u00edntomas en la vida del sujeto (s\u00edntomas sociales) (10). Todos los \u00edtems se responden en una escala Likert de cuatro opciones (ninguno, leve, medio y grave), recibiendo una puntuaci\u00f3n de 0 a 3, respectivamente. Las puntuaciones m\u00ednima y m\u00e1xima del cuestionario son 0 y 57. Las puntuaciones comprendidas entre 0 &#8211; 19, 20 &#8211; 38, y 39 &#8211; 57 representan situaciones leves, medias y graves, respectivamente (10).<\/p>\n\n\n\n<p><strong>Fisiopatolog\u00eda<\/strong><br>La fisiopatolog\u00eda que conduce a desarrollar SPM es desconocida. Se ha propuesto que puede ser debida a cambios c\u00edclicos en los niveles de estr\u00f3geno y progesterona durante la fase menstrual (7), aunque tambi\u00e9n se ha atribuido como causas cambios en neurotransmisores, prostaglandinas, dieta, uso de f\u00e1rmacos y estilo de vida (11).<\/p>\n\n\n\n<p><strong>Factores de riesgo<\/strong><br>En el desarrollo de SPM se encuentran diferentes tipos de factores de riesgo: gen\u00e9ticos, fisiol\u00f3gicos, y de estilo de vida (12).<br>La gen\u00e9tica es un factor de riesgo asociado al SPM, en este sentido se sabe que el 70% de mujeres cuyas madres han sido afectadas de SPM presentan este trastorno (historia familiar) frente al 37% de mujeres con SPM cuyas madres no lo padec\u00edan; tambi\u00e9n se ha encontrado un componente gen\u00e9tico en gemelos monocig\u00f3ticos frente a dicig\u00f3ticos (13).<br>Entre los factores de riesgo fisiol\u00f3gicos se encuentran: caracter\u00edsticas f\u00edsicas, como la edad, el \u00edndice de masa corporal (IMC) o la raza, y caracter\u00edsticas menstruales, como la edad de la menarquia, el n\u00famero de d\u00edas menstruales o el ciclo menstrual (14). La obesidad asocia un mayor riesgo de padecer SPM puesto Presentar un mayor IMC, es decir un mayor peso o la obesidad, es un riesgo de SPM. En este sentido, el SPM es bastante frecuente en mujeres con un IMC mayor de 27,5 Kg\/m2, y aumenta tres veces su prevalencia en las mujeres con un IMC mayor de 30 Kg\/m2 el riesgo de padecer SPM respecto a las mujeres no obesas(15).<br>Determinados estilos de vida El estilo de vida tambi\u00e9n act\u00faan como factores de riesgo en el desarrollo del SPM:. Entre los factores de estilo de vida que tienen un papel en el desarrollo de SPM se encuentran: estr\u00e9s, consumo de cafe\u00edna, tabaquismo, ingesta del desayuno, actividad f\u00edsica, duraci\u00f3n del sue\u00f1o y hora de acostarse, consumo de alcohol, y dieta, (14). Un alto estr\u00e9s y un elevado consumo de cafe\u00edna han mostrado una mayor tasa de dismenorrea (16). En el caso del tabaquismo, Un reciente metaan\u00e1lisis mostr\u00f3 que en las mujeres fumadoras se daba una prevalencia significativamente mayor del SPM se asociaba significativamente con el tabaquismo (14). Varios estudios han identificado una mayor tasa de SPM entre las mujeres que consumen alcohol; en este sentido un reciente metaan\u00e1lisis mostr\u00f3 que el consumo de alcohol presenta una asociaci\u00f3n moderada con el riesgo de SPM (17).<br>Tambi\u00e9n se ha establecido una asociaci\u00f3n entre los La relaci\u00f3n de la dieta (h\u00e1bitos diet\u00e9ticos y el estado nutricional y el riesgo de desarrollar SPM tambi\u00e9n se ha establecido; as\u00ed el SPM se ha asociado as\u00ed como con el consumo de varios macro y micronutrientes (hidratos de carbono totales, grasa total, \u00e1cidos grasos saturados y poliinsaturados, tiamina, riboflavina, vitamina B6, vitamina D, calcio, magnesio, sodio, potasio y zinc) (18).<\/p>\n\n\n\n<p>Adem\u00e1s, los s\u00edntomas del SPM y la ingesta de alimentos est\u00e1n estrechamente relacionados y pueden influirse mutuamente: el propio SPM puede influir en la elecci\u00f3n de alimentos, lo que a su vez puede exacerbar o aliviar los s\u00edntomas, por lo que (19).<\/p>\n<\/div>\n<\/div><\/div>\n\n\n\n<p><\/p>\n","protected":false},"excerpt":{"rendered":"<p>Eficacia de un Complemento a base de plantas medicinales en el Alivio de la dismenoRrea y s\u00edntomas del s\u00edndrome preMENstrual: [&hellip;]<\/p>\n","protected":false},"author":1,"featured_media":0,"parent":0,"menu_order":0,"comment_status":"closed","ping_status":"closed","template":"","meta":{"_uag_custom_page_level_css":"","site-sidebar-layout":"default","site-content-layout":"","ast-site-content-layout":"","site-content-style":"default","site-sidebar-style":"default","ast-global-header-display":"","ast-banner-title-visibility":"","ast-main-header-display":"","ast-hfb-above-header-display":"","ast-hfb-below-header-display":"","ast-hfb-mobile-header-display":"","site-post-title":"disabled","ast-breadcrumbs-content":"","ast-featured-img":"","footer-sml-layout":"","ast-disable-related-posts":"","theme-transparent-header-meta":"","adv-header-id-meta":"","stick-header-meta":"","header-above-stick-meta":"","header-main-stick-meta":"","header-below-stick-meta":"","astra-migrate-meta-layouts":"default","ast-page-background-enabled":"default","ast-page-background-meta":{"desktop":{"background-color":"var(--ast-global-color-5)","background-image":"","background-repeat":"repeat","background-position":"center center","background-size":"auto","background-attachment":"scroll","background-type":"","background-media":"","overlay-type":"","overlay-color":"","overlay-opacity":"","overlay-gradient":""},"tablet":{"background-color":"","background-image":"","background-repeat":"repeat","background-position":"center center","background-size":"auto","background-attachment":"scroll","background-type":"","background-media":"","overlay-type":"","overlay-color":"","overlay-opacity":"","overlay-gradient":""},"mobile":{"background-color":"","background-image":"","background-repeat":"repeat","background-position":"center center","background-size":"auto","background-attachment":"scroll","background-type":"","background-media":"","overlay-type":"","overlay-color":"","overlay-opacity":"","overlay-gradient":""}},"ast-content-background-meta":{"desktop":{"background-color":"var(--ast-global-color-4)","background-image":"","background-repeat":"repeat","background-position":"center center","background-size":"auto","background-attachment":"scroll","background-type":"","background-media":"","overlay-type":"","overlay-color":"","overlay-opacity":"","overlay-gradient":""},"tablet":{"background-color":"var(--ast-global-color-4)","background-image":"","background-repeat":"repeat","background-position":"center center","background-size":"auto","background-attachment":"scroll","background-type":"","background-media":"","overlay-type":"","overlay-color":"","overlay-opacity":"","overlay-gradient":""},"mobile":{"background-color":"var(--ast-global-color-4)","background-image":"","background-repeat":"repeat","background-position":"center center","background-size":"auto","background-attachment":"scroll","background-type":"","background-media":"","overlay-type":"","overlay-color":"","overlay-opacity":"","overlay-gradient":""}},"footnotes":""},"class_list":["post-11","page","type-page","status-publish","hentry"],"uagb_featured_image_src":{"full":false,"thumbnail":false,"medium":false,"medium_large":false,"large":false,"1536x1536":false,"2048x2048":false},"uagb_author_info":{"display_name":"estudiocarmen.com","author_link":"https:\/\/estudiocarmen.com\/index.php\/author\/estudiocarmen-com\/"},"uagb_comment_info":0,"uagb_excerpt":"Eficacia de un Complemento a base de plantas medicinales en el Alivio de la dismenoRrea y s\u00edntomas del s\u00edndrome preMENstrual: [&hellip;]","_links":{"self":[{"href":"https:\/\/estudiocarmen.com\/index.php\/wp-json\/wp\/v2\/pages\/11","targetHints":{"allow":["GET"]}}],"collection":[{"href":"https:\/\/estudiocarmen.com\/index.php\/wp-json\/wp\/v2\/pages"}],"about":[{"href":"https:\/\/estudiocarmen.com\/index.php\/wp-json\/wp\/v2\/types\/page"}],"author":[{"embeddable":true,"href":"https:\/\/estudiocarmen.com\/index.php\/wp-json\/wp\/v2\/users\/1"}],"replies":[{"embeddable":true,"href":"https:\/\/estudiocarmen.com\/index.php\/wp-json\/wp\/v2\/comments?post=11"}],"version-history":[{"count":48,"href":"https:\/\/estudiocarmen.com\/index.php\/wp-json\/wp\/v2\/pages\/11\/revisions"}],"predecessor-version":[{"id":1152,"href":"https:\/\/estudiocarmen.com\/index.php\/wp-json\/wp\/v2\/pages\/11\/revisions\/1152"}],"wp:attachment":[{"href":"https:\/\/estudiocarmen.com\/index.php\/wp-json\/wp\/v2\/media?parent=11"}],"curies":[{"name":"wp","href":"https:\/\/api.w.org\/{rel}","templated":true}]}}